nd 13.
13
Let m be (-10)/(-7)*21/3. What is the greatest common divisor of 110 and m?
10
Suppose -6*x + 4*x + 8 = 0. Suppose 108 = -0*w + 9*w. What is the greatest common divisor of w and x?
4
Suppose 0 = 5*i + 2*y - 487, 0 = 5*i - i + 2*y - 388. What is the greatest common factor of i and 11?
11
Let i(b) = -b**3 + 11*b**2 + 2. Let k be i(11). Suppose -10 = k*t - 3*t. What is the highest common factor of t and 50?
10
Suppose 7*m - 38 = -2*l + 3*m, 0 = 4*l - 5*m - 115. Let f be l/5*(-4)/10. Let g be (-1)/(-1*f/(-26)). Calculate the greatest common factor of 104 and g.
13
Let l(k) = 113*k**3 - k. Let d be l(1). Let s be -117*(2 - 5)/9. Suppose -5*y = -41 - s. What is the greatest common factor of d and y?
16
Suppose 21 = -w + 5*l, 0 = -4*w - l - 0*l + 21. Suppose -k - w*p = k + 2, -5*p = -5*k + 40. Calculate the greatest common divisor of k and 35.
5
Let o = 5 + -1. Suppose -o*j + 4 = -2*j. Let u be (3 - j)/(2/8). Calculate the greatest common factor of 32 and u.
4
Suppose -16*z = -21*z + 385. Calculate the highest common factor of z and 11.
11
Let r(q) = q + 3. Let y be r(0). Suppose 3*t = 3*f + 6, -5*t + f + 6 = -2*f. Suppose y*m + t*m = 45. Calculate the highest common divisor of m and 105.
15
Suppose 2*d + d - 6 = 3*w, 3*d + 2*w - 21 = 0. Suppose -4*h = -3*q + 40, -2*q + 12 = d*h - 7. What is the greatest common factor of 6 and q?
6
Suppose 7*h - 9*h + 2 = 0. Let j(o) = -o**3 - 3*o**2 - 3*o. Let t be j(-3). What is the greatest common factor of h and t?
1
Suppose p - 4*x - 146 = 0, -x = 5*p - 0*x - 646. Suppose 9*f = 4*f + p. What is the highest common divisor of 13 and f?
13
Suppose -47*y + 45*y + 36 = 0. Calculate the greatest common divisor of y and 12.
6
Suppose -5*z + 8*z - 12 = 0. Suppose -11 = -z*j + t, 3 = -2*j + 4*t + 5. Suppose j*i - 2 = 16. What is the highest common divisor of 12 and i?
6
Let k be (-10)/((-1)/(-9)*-1). Suppose 4*u + 5*s = 55, 3*s + 2*s - 65 = -5*u. Calculate the greatest common divisor of u and k.
10
Let i(a) = -a**2 + 5*a - 1. Let w be i(4). Calculate the highest common factor of w and 24.
3
Let n = 10 + -10. Let j be 4 + 2 + -3 + n. Suppose -2*x - 5*r = 3*x - 95, -j*r - 11 = -x. What is the highest common divisor of x and 187?
17
Suppose t = -2*f + 3, -5*t - 24 = f - 3. Calculate the greatest common divisor of f and 28.
4
Suppose -108 = -4*s + 3*u, 2*u - 5*u = 4*s - 132. What is the highest common divisor of s and 5?
5
Let k be 70/(-2)*(26/10 - 3). Calculate the greatest common factor of k and 14.
14
Suppose -3*w = -w - 4. Suppose w*d - 44 = -4*v, 21 = d + v - 2. Let h(x) = -x + 1. Let a be h(-5). What is the highest common factor of a and d?
6
Suppose -2*o = 10, 2*y - 5*o - 19 = 5*y. Suppose 7 = y*c - 13. What is the greatest common factor of 110 and c?
10
Suppose 2 = 5*n - 28. Suppose 0 = b - 4*m + 12, m + 8 = 6*b - 3*b. Calculate the highest common factor of b and n.
2
Suppose -4*t = -4*x + 176, 4*x - 5*t = 106 + 75. Suppose -l + 94 = l. Suppose -4*f + l = -57. Calculate the highest common divisor of f and x.
13
Suppose -3*z + 952 = 4*z. What is the greatest common factor of z and 34?
34
Let s = 63 + -38. Let v = s + -15. What is the highest common factor of v and 2?
2
Let x(z) be the first derivative of -17*z**4/2 + z**3/3 - z**2/2 - z - 2. Let k be x(-1). Let s = -21 + k. What is the greatest common factor of s and 70?
14
Suppose -230 = -2*l + 4*y - 0*y, -y = -2*l + 233. Calculate the greatest common factor of 13 and l.
13
Suppose 3*k - 5 = -5*x, 2*k + 3 = -2*x + 5*x. Suppose 0 = -5*d + w - 0 + 25, 4*d - 5*w = -1. Let p = d + -1. What is the greatest common divisor of x and p?
1
Suppose -4*s = -13 - 19. Let t = 29 + -5. Suppose r + t = 2*r + 3*g, 120 = 5*r - 5*g. Calculate the greatest common divisor of s and r.
8
Suppose 5*s + 22 = 102. Suppose 4*j - u - 97 = 26, -j = -3*u - 17. What is the highest common divisor of s and j?
16
Let l(b) = 16*b**2 - 1. Let h = -2 - -4. Let u be l(h). What is the greatest common factor of 9 and u?
9
Suppose 56 = -3*t - 67. Let g = 19 - t. Calculate the greatest common factor of 90 and g.
30
Suppose 4*d = 4*t - 20 - 0, -2*d + 18 = 5*t. Suppose -10 = 2*n - 0*n. Let h = d - n. Calculate the highest common factor of 44 and h.
4
Let c = 196 - 136. Suppose 0 = -5*t + 5, t - 2*t = -4*z + 95. Calculate the highest common factor of c and z.
12
Suppose 0 = -3*o - 9, 2*s - 4*o + 0 - 16 = 0. Suppose 3*v - 5 + s = 0, 4*v = 2*a - 4. What is the highest common divisor of 44 and a?
4
Suppose -5*s = 7 + 3, -c + 2*s = -356. Calculate the highest common divisor of 32 and c.
32
Let d be (-27)/5 - 2/(-5). Let t = 17 + d. Let v = -119 - -122. What is the greatest common divisor of t and v?
3
Let y be 20/12 + 1/3. Let b(o) = 8*o**3 + o**2 + 4*o - 3. Let v be b(y). Let i = v + -7. What is the greatest common divisor of i and 22?
22
Let t(u) be the second derivative of u**3/3 - 2*u**2 + 5*u. Let x be t(7). Let w be 2/(-8) + 61/4. What is the highest common divisor of x and w?
5
Let k = -7 - -12. What is the highest common factor of k and 10?
5
Let n = 11 + -6. Suppose -n*j + 3*j = 5*c - 48, -4*c + 3*j = -20. What is the greatest common factor of 16 and c?
8
Suppose -h = 2*h - q - 30, -5*q + 20 = 2*h. What is the highest common divisor of 90 and h?
10
Suppose 5*s - 50 = 3*s. Let p(a) = -a**3 + 75. Let r be (0/(-3))/(-4 + 2). Let k be p(r). Calculate the highest common factor of s and k.
25
Let h be (8 - (-3)/(-3))/((-2)/(-24)). Let d = 108 + -61. Let o = -26 + d. Calculate the greatest common factor of o and h.
21
Suppose 30 = j - 5*n, 0 = -6*n + n - 10. Let l(a) = 181*a**2 + a - 2. Let u be l(1). What is the highest common divisor of u and j?
20
Let z be 50*(-1)/(-4)*2. Suppose z = 2*o + 5. What is the greatest common factor of o and 70?
10
Let n(c) = -6*c - 3. Let z be n(-2). Suppose -4*a = -2*k - 116, 5*a = -4*k + 7 + 112. What is the greatest common divisor of z and a?
9
Let v(q) = 3*q**3 - 25*q**2 + 6*q + 17. Let p be v(8). Let b(x) = x + 6. Let h be b(-3). What is the highest common divisor of h and p?
1
Let q be -1 + -2 + (4 - -1). Calculate the highest common factor of 3 and q.
1
Let p = -10 - -24. Suppose -52 = -2*j + 18. Calculate the greatest common factor of j and p.
7
Suppose 2*n - 7 = x, -4*x = -5*n + 15 - 2. Suppose 0 = -n*y + 2*y + 24. Let k be (-1300)/(-18) - (-4)/(-18). Calculate the highest common factor of k and y.
8
Let g = -10 + 16. Let s = g - 3. Let f be (209/s)/(3/9). Calculate the greatest common divisor of 19 and f.
19
Suppose 25 = 5*n - 5. Let x = -1 - -1. Suppose -4*c + 2*d = -d - 255, 3*c + 3*d - 207 = x. Calculate the highest common factor of n and c.
6
Let p(b) = -b**3 + 15*b**2 - b + 40. Let z be p(15). What is the highest common factor of z and 100?
25
Suppose -5*u + 16 = -3*v + 6, -3*u + 15 = 0. Suppose -v*o - 24 = -8*o. What is the highest common factor of o and 72?
8
Let p be ((-12)/21)/((-2)/7). Suppose -3*f + 4 = -p*f. Calculate the greatest common divisor of 4 and f.
4
Let d(u) = -77*u**3 + u**2 + u. Let q be d(-1). Let s(m) = -m**3 + 41*m**2 + m - 34. Let j be s(41). What is the highest common divisor of q and j?
7
Let k(g) = 3*g + 4. Let f be k(2). Let j be (3 - f)/((-1)/16). Calculate the highest common factor of 16 and j.
16
Let j be (-98)/((-6)/3) + -1. Suppose -2*w = -10, -d + 7*w + 11 = 8*w. Suppose -z + d*z - 80 = 0. What is the greatest common factor of j and z?
16
Let p(c) = -32*c - 48. Let m be p(-6). What is the highest common divisor of m and 36?
36
Let v(b) = -5*b**2 + 14*b - 10. Let n(m) = -4*m**2 + 13*m - 9. Let w(z) = 6*n(z) - 5*v(z). Let s be w(-10). What is the highest common factor of 48 and s?
16
Let f(n) = 18*n - 8. Let p be f(6). Let h(t) = -3*t + 8. Let z be h(-4). Calculate the greatest common factor of z and p.
20
Let d be (0 + -1 + -53)*8/(-16). What is the highest common factor of d and 243?
27
Let v be 17 - ((-2)/(-1))/2. Let h be ((-22)/8)/(4/v). Let b = 19 - h. Calculate the greatest common factor of 20 and b.
10
Suppose 2*l - 5 + 113 = k, k - 106 = 4*l. What is the highest common divisor of k and 11?
11
Let z = 277 - 167. What is the greatest common factor of 10 and z?
10
Let y be 195/27 - 7*(-8)/(-252). What is the highest common factor of y and 126?
7
Suppose a - 3*y - 12 - 6 = 0, 3*y - 12 = -4*a. Suppose -b + a = -4. Cal